 = -2*m. Let x = m + 20. What is the units digit of x?
3
Suppose -4*n = -8*n + 16. Suppose 9*w = 5*q + 7*w - 902, q - n*w = 166. What is the hundreds digit of q?
1
Let v(q) = 51*q - 1. Let l be (-3)/(((-21)/(-2))/(-7)). What is the hundreds digit of v(l)?
1
Suppose -m - u = -1081, -29*m + 24*m + 5405 = -5*u. What is the thousands digit of m?
1
Let w = 2261 - 281. What is the tens digit of w?
8
Let f be -1*745/((-5)/1). Suppose -a + 149 = -q, a - 3*q - f = -8*q. What is the hundreds digit of a?
1
Suppose -5*u - 6*u = -1672. What is the hundreds digit of u?
1
Suppose 4671 = 14*f - 1377. What is the units digit of f?
2
Let k(g) be the second derivative of -g**4/12 - g**3/6 - g**2/2 + 5*g. Let u(y) = 6*y**2 + 3. Let o(w) = 5*k(w) + u(w). What is the units digit of o(6)?
4
Suppose 4*u - 34 = 6. Let k be (-4 - -21) + (-2 - -2). Let s = k - u. What is the units digit of s?
7
Suppose 7*p = 347 + 262. Let z = p - 35. What is the tens digit of z?
5
Suppose 0 = k - 2 + 1, -309 = -2*r + 3*k. What is the hundreds digit of r?
1
Let m(y) = y**2 - 8*y + 23. Let p(z) = -z**3 + 14*z**2 + 15*z + 14. Let s be p(15). What is the hundreds digit of m(s)?
1
Suppose -p + 5*v = -3*p - 41, -5*p - 175 = -2*v. Let j = p - -35. Suppose 5*w + 5*r = 45, j*w + 2*w + r - 39 = 0. What is the tens digit of w?
1
Let g(k) = -k**3 + 3*k**2 + 5*k - 4. Let d be g(4). Suppose -3*a - j - 460 = d, -4*a + 2*j - 622 = -j. Let y = -106 - a. What is the units digit of y?
8
Let y(d) = d**2 + 3*d + d + d - 12. Suppose -3*b + 58 = -8*b + 2*m, -4 = 4*m. What is the units digit of y(b)?
2
What is the tens digit of (-5 - (-7 + 1)) + 270?
7
Suppose 0 = -2*v + q - 2, -2*q = 5*v + q - 6. Suppose m - 47 - 59 = v. Suppose -19 + m = 3*g. What is the units digit of g?
9
Let i be 94/6*126/21. Suppose 4*x = 70 + i. What is the units digit of x?
1
Suppose y = -3*c + 8, 0*y + 2*y = 2*c + 24. Suppose 4*p = -3*k + 14, 0*k = 4*k + 3*p - 7. What is the tens digit of (k + y)*(3 + 0)?
2
Suppose 0 = -5*g - 2*d, -8*d = -2*g - 3*d + 29. Suppose 0 = g*a - 73 - 133. What is the units digit of a?
3
Let w(k) = -2*k + 23. Let j be w(10). Suppose 2 - 8 = q + 3*x, q - j*x = 12. Suppose d = 2*g - 7*g + 223, -79 = -2*g + q*d. What is the units digit of g?
4
Let m be 0 - -8 - (-40)/(-10). Suppose -10 = -2*g - 4*p + p, -g + m = p. Suppose 7*c = g*c + 45. What is the units digit of c?
9
Let w = 4 + -1. Let j be (2 - w) + 9/3. What is the tens digit of 22 - (2 - -1 - j)?
2
Suppose 1 = -4*n + 1. Suppose n*y - 270 = -9*y. What is the units digit of y?
0
Let i(w) = -4*w - 22. Let a be i(-9). Suppose 0 = -3*h - 4*j + a + 174, -j = -4*h + 238. What is the tens digit of h?
6
Let b(u) = 4*u**2 + 14*u - 4. Let q(k) = -k. Let i(a) = b(a) - 2*q(a). What is the units digit of i(-7)?
0
Let o(s) = 7*s**2 - 23*s - 77. What is the hundreds digit of o(-15)?
8
Suppose -3*g + 5*z = -1597, 4*g + 6*z = 2*z + 2172. What is the tens digit of g?
3
Suppose 485 = -38*f + 1701. Let o(x) = -2*x - 4. Let b be o(6). Let v = f - b. What is the units digit of v?
8
Let d = -213 + 546. Let a = -229 + d. Suppose 4*h - 3*q - a = -5*q, -q - 104 = -4*h. What is the units digit of h?
6
Let c be -4*(63/12 + -3). Let x(p) = 5*p**2 - 36*p + 31. Let j(v) = -v**2 + 9*v - 8. Let u(w) = -9*j(w) - 2*x(w). What is the units digit of u(c)?
0
Suppose 3 = -2*p + 5. Suppose 2*f = -p + 13. Suppose -260 = -f*i + i. What is the units digit of i?
2
Let d = 399 - 223. Suppose d*z = 173*z + 33. What is the units digit of z?
1
Suppose 2*i = -5 - 19. Let j = i - -11. What is the tens digit of j + 1 - (-23 + -5)?
2
Let o(b) = -32*b + 435. What is the units digit of o(-29)?
3
Let a be -20 + 3 + (-4 - 1). What is the tens digit of (-2 + 5)*6/(-4)*a?
9
Let i be 1/3 - (-9394)/42. Suppose -4*l - 5*h = 218, 0 = -4*l - 0*h - 2*h - i. What is the units digit of (l/9 - -1)*-3?
6
Let f(m) = -2226*m**3 + m**2 - 3*m - 3. What is the units digit of f(-1)?
7
Let t(w) = -2*w**2 - 16*w + 101. Let v be t(4). Suppose -2*o = 5*z - z - 44, z = -o + 12. Suppose 0 = -v*r + z*r - 130. What is the units digit of r?
6
Let h = 18 - 9. Let m = 12 + h. What is the units digit of m?
1
Let d(i) = -i + 19. Let f be d(7). Let o(h) be the first derivative of h**3/3 - 9*h**2/2 - 2*h + 3. What is the tens digit of o(f)?
3
Let j = 91 - -46. Suppose 5*c - 263 = j. What is the tens digit of c?
8
Let y(x) = x**3 - 3*x**2 + 27*x + 17. What is the units digit of y(8)?
3
Let p(s) = -20*s - 25. Suppose 2*o + 2*f + 10 = 0, -4*f + 60 = -4*o - 0*o. What is the units digit of p(o)?
5
Let w = 1297 + -99. What is the thousands digit of w?
1
What is the tens digit of 4314/6 - ((-12)/4 + 0)?
2
Let h(l) = 2*l - 27. Let r be h(16). Suppose -2*x = 2*m - 320, r*m - x + 486 = 8*m. What is the tens digit of m?
6
Let b(i) = 2*i**2 + 3*i + 2. Let m be b(-3). Let f(x) = x**2 + 41 + 2*x - 14*x - 28. What is the units digit of f(m)?
2
Let p = -93 - -152. Suppose -k + 16 = -2. Suppose -o + j + k = 0, p - 5 = 3*o - 4*j. What is the tens digit of o?
1
Let x = -556 + 1429. What is the units digit of x?
3
Suppose -1164 = -56*x + 58*x. What is the units digit of 4/20 - x/15?
9
Let o(g) = g**2 - g + 1. Let a(x) = -7*x**2 + x + 7. Let s(t) = -a(t) - 6*o(t). What is the units digit of s(10)?
7
Let c = 0 + -10. Let d be (-5)/c*(0 + 10). Suppose -4*j + d*j - 4*p = 69, -4*p = 0. What is the tens digit of j?
6
Suppose -2 = -c - 0. Suppose -c*k = 3*k - 665. What is the units digit of k?
3
Let h = -3 + 7. Let n(j) = -13*j - 232. Let d be n(-22). What is the units digit of h/(-18) + 282/d?
5
Suppose z - 10 = 6*z. Let i be (-4 - 2/z)*7. What is the units digit of 244/14 + i/49?
7
Suppose -2*a + 0*l + 210 = 4*l, -4*l = -12. What is the units digit of a?
9
Let i(o) = o**3 + 5*o**2 + 2*o + 4. Let p be i(-4). Let j be 3*(-4 - (-52)/p). What is the tens digit of (1/j)/((-6)/(-282))?
4
Let m(c) = -427*c**3 - 10*c**2 - 25*c - 2. What is the units digit of m(-2)?
4
What is the hundreds digit of (1 - -2853) + 1 - (16 + -12)?
8
Let q(f) = -f**3 + 10*f**2 + 16*f - 10. Suppose -4*i = 4*x - 16, 2*x = -x + 4*i + 40. Let d = x - -3. What is the units digit of q(d)?
5
Suppose 3*y - 23 = 4. What is the units digit of y/(-12) - 366/(-8)?
5
Let s be (-1 - 2)*922/(-6). Suppose -3*t - 140 + s = 0. What is the units digit of t?
7
Let p(b) = -b**3 + 22*b**2 + 6*b - 107. Let w be p(22). Suppose 913 = x + 249. What is the units digit of x/10 - 10/w?
6
Suppose 7*d + 12*d - 8398 = 0. What is the units digit of d?
2
Suppose 17 = -3*f + 101. Suppose 4*p - 68 = 8*p. Let k = p + f. What is the tens digit of k?
1
What is the tens digit of 942/(-1)*(-5 - (-36)/8)?
7
Let q(n) be the first derivative of 13*n**3/3 + 3*n**2/2 - 7*n - 31. What is the tens digit of q(-4)?
8
Suppose -5*m + 19 = 79. What is the units digit of ((315/2)/7)/((-9)/m)?
0
Let r(v) = v - 4. Suppose -2*n - n + 18 = 0. Let b be r(n). Suppose -i + 4*p - 37 = -2*i, -b*i + 67 = p. What is the tens digit of i?
3
Let j = -642 - -3255. What is the units digit of j?
3
Let s(y) = -8*y - 57. Let q be 175/(-10) - 1/(-2). What is the tens digit of s(q)?
7
Let f = 1536 + -606. What is the hundreds digit of f?
9
Suppose -2*k = k + 3450. What is the units digit of ((-14)/4)/(25/k)?
1
Let t be 2/(-1 + 15/25). What is the tens digit of (-2)/t + 1265/25?
5
Let z(c) = -15*c + 4. Let d be z(-4). Suppose 0 = u - r - d, 148 = 2*u - r + 18. Let k = u + -29. What is the tens digit of k?
3
Suppose 2*q - r - 2 = 0, 5*q - 2*r - 5 = 2*q. What is the units digit of (-35)/q*60/25?
4
Let x(c) = -5*c + 275. What is the units digit of x(-7)?
0
Let r(k) = k**2 - 7*k + 11. Let m be r(6). Suppose -m*d + 33 = -192. What is the tens digit of d?
4
Let m(h) = h + 13. Let l be m(7). Suppose 3*d + l = -d. Let y = 10 + d. What is the units digit of y?
5
Let h(v) = v + 0 - 610*v**2 - 1 + 679*v**2. What is the units digit of h(1)?
9
Let v = -140 + 1349. What is the hundreds digit of v?
2
Let b be (84/9)/(7/(-21)). Let s be 8/b - (-16)/7. Let k(l) = -l**3 + 3*l**2 + l - 3. What is the units digit of k(s)?
3
Let r(v) = v**3 - 19*v**2 + 37*v - 39. What is the tens digit of r(17)?
1
Suppose -5*q + 18 + 10 = y, 14 = 3*q + 2*y. Let m be (q + -5)/(1/26). Suppose m = 3*j - 25. What is the tens digit of j?
1
Let p = 60 - 17. Suppose m = -3*y + p, 17 = 4*y + 4*m - 27. Suppose 2*